{"id":388,"date":"2024-01-28T12:41:07","date_gmt":"2024-01-28T11:41:07","guid":{"rendered":"https:\/\/otakustyle08.com\/?page_id=388"},"modified":"2024-07-02T15:00:09","modified_gmt":"2024-07-02T13:00:09","slug":"impression-3d","status":"publish","type":"page","link":"https:\/\/otakustyle08.com\/?page_id=388","title":{"rendered":"Impression 3D"},"content":{"rendered":"\t\t<div data-elementor-type=\"wp-page\" data-elementor-id=\"388\" class=\"elementor elementor-388\" data-elementor-post-type=\"page\">\n\t\t\t\t<div class=\"elementor-element elementor-element-adcfed3 e-con-full e-flex wpr-particle-no wpr-jarallax-no wpr-parallax-no wpr-sticky-section-no e-con e-parent\" data-id=\"adcfed3\" data-element_type=\"container\" data-settings=\"{&quot;background_background&quot;:&quot;classic&quot;}\">\n\t\t\t\t<\/div>\n\t\t<div class=\"elementor-element elementor-element-2846838 e-flex e-con-boxed wpr-particle-no wpr-jarallax-no wpr-parallax-no wpr-sticky-section-no e-con e-parent\" data-id=\"2846838\" data-element_type=\"container\">\n\t\t\t\t\t<div class=\"e-con-inner\">\n\t\t\t\t<div class=\"elementor-element elementor-element-d06a13c elementor-widget elementor-widget-heading\" data-id=\"d06a13c\" data-element_type=\"widget\" data-widget_type=\"heading.default\">\n\t\t\t\t<div class=\"elementor-widget-container\">\n\t\t\t\t\t<h2 class=\"elementor-heading-title elementor-size-default\">Les derni\u00e8res cr\u00e9ations !<\/h2>\t\t\t\t<\/div>\n\t\t\t\t<\/div>\n\t\t\t\t<div class=\"elementor-element elementor-element-359de39 elementor-widget elementor-widget-text-editor\" data-id=\"359de39\" data-element_type=\"widget\" data-widget_type=\"text-editor.default\">\n\t\t\t\t<div class=\"elementor-widget-container\">\n\t\t\t\t\t\t\t\t\t<p>Explorez une galerie captivante de mod\u00e8les en impression 3D, con\u00e7us pour donner vie \u00e0 toutes les occasions, des festivit\u00e9s familiales aux \u00e9l\u00e9ments m\u00e9ditatifs et d\u00e9coratifs. Transformez vos id\u00e9es en objets tangibles et cr\u00e9ez des pi\u00e8ces uniques qui ajouteront une touche d&#8217;originalit\u00e9 \u00e0 votre quotidien ou \u00e0 vos cadeaux.<\/p>\t\t\t\t\t\t\t\t<\/div>\n\t\t\t\t<\/div>\n\t\t\t\t<div class=\"elementor-element elementor-element-62b4af0 eael-product-grid-column-3 eael-product-grid-column-mobile-1 elementor-widget elementor-widget-eicon-woocommerce\" data-id=\"62b4af0\" data-element_type=\"widget\" data-widget_type=\"eicon-woocommerce.default\">\n\t\t\t\t<div class=\"elementor-widget-container\">\n\t\t\t\t\t\n        <div class=\"eael-product-grid eael-product-simple masonry\" id=\"eael-product-grid\" data-widget-id=\"62b4af0\" data-page-id=\"388\" data-nonce=\"2147922b38\" >\n            <div class=\"woocommerce\">\n                <ul class=\"products eael-post-appender eael-post-appender-62b4af0\" data-ssi-desktop=\"no\" data-ssi-tablet=\"no\" data-ssi-mobile=\"no\" data-layout-mode=\"masonry\"> <li class=\"product \">\n<div class=\"eael-product-wrap\" data-src=\"\" data-src-hover=\"\">\n    <img fetchpriority=\"high\" decoding=\"async\" width=\"300\" height=\"300\" src=\"https:\/\/otakustyle08.com\/wp-content\/uploads\/2024\/09\/457743856_1903629346825367_5331745645091732616_n-300x300.jpg\" class=\"attachment-woocommerce_thumbnail size-woocommerce_thumbnail wvs-archive-product-image\" alt=\"Goku\" loading=\"eager\" srcset=\"https:\/\/otakustyle08.com\/wp-content\/uploads\/2024\/09\/457743856_1903629346825367_5331745645091732616_n-300x300.jpg 300w, https:\/\/otakustyle08.com\/wp-content\/uploads\/2024\/09\/457743856_1903629346825367_5331745645091732616_n-150x150.jpg 150w, https:\/\/otakustyle08.com\/wp-content\/uploads\/2024\/09\/457743856_1903629346825367_5331745645091732616_n-100x100.jpg 100w, https:\/\/otakustyle08.com\/wp-content\/uploads\/2024\/09\/457743856_1903629346825367_5331745645091732616_n-460x460.jpg 460w\" sizes=\"(max-width: 300px) 100vw, 300px\" \/><div class=\"eael-product-title\">\n    <a href=\"https:\/\/otakustyle08.com\/?product=goku-2\" class=\"woocommerce-LoopProduct-link woocommerce-loop-product__link\"><h2 class=\"woocommerce-loop-product__title\">Goku<\/h2><\/a>\n    <\/div><div class=\"eael-star-rating star-rating\"><span style=\"width:0%\">Note <strong class=\"rating\">0<\/strong> sur 5<\/span><\/div>    <a href=\"\/index.php?rest_route=%2Fwp%2Fv2%2Fpages%2F388&#038;add-to-cart=6978\" aria-describedby=\"woocommerce_loop_add_to_cart_link_describedby_6978\" data-quantity=\"1\" class=\"button wp-element-button product_type_simple add_to_cart_button ajax_add_to_cart\" data-product_id=\"6978\" data-product_sku=\"goku-3d\" aria-label=\"Ajouter au panier\u00a0: &ldquo;Goku&rdquo;\" rel=\"nofollow\" data-success_message=\"\u00ab\u00a0Goku\u00a0\u00bb a \u00e9t\u00e9 ajout\u00e9 \u00e0 votre panier\">Ajouter au panier<\/a>\t<span id=\"woocommerce_loop_add_to_cart_link_describedby_6978\" class=\"screen-reader-text\">\n\t\t\t<\/span>\n    \n<\/div>\n\n<\/li> <li class=\"product \">\n<div class=\"eael-product-wrap\" data-src=\"\" data-src-hover=\"\">\n    <img decoding=\"async\" width=\"300\" height=\"300\" src=\"https:\/\/otakustyle08.com\/wp-content\/uploads\/2024\/08\/454461884_1020519456057820_6094972056440267257_n-300x300.jpg\" class=\"attachment-woocommerce_thumbnail size-woocommerce_thumbnail wvs-archive-product-image\" alt=\"Lord Voldemort\" loading=\"eager\" srcset=\"https:\/\/otakustyle08.com\/wp-content\/uploads\/2024\/08\/454461884_1020519456057820_6094972056440267257_n-300x300.jpg 300w, https:\/\/otakustyle08.com\/wp-content\/uploads\/2024\/08\/454461884_1020519456057820_6094972056440267257_n-150x150.jpg 150w, https:\/\/otakustyle08.com\/wp-content\/uploads\/2024\/08\/454461884_1020519456057820_6094972056440267257_n-100x100.jpg 100w, https:\/\/otakustyle08.com\/wp-content\/uploads\/2024\/08\/454461884_1020519456057820_6094972056440267257_n-460x460.jpg 460w\" sizes=\"(max-width: 300px) 100vw, 300px\" \/><div class=\"eael-product-title\">\n    <a href=\"https:\/\/otakustyle08.com\/?product=lord-voldemort\" class=\"woocommerce-LoopProduct-link woocommerce-loop-product__link\"><h2 class=\"woocommerce-loop-product__title\">Lord Voldemort<\/h2><\/a>\n    <\/div><div class=\"eael-star-rating star-rating\"><span style=\"width:0%\">Note <strong class=\"rating\">0<\/strong> sur 5<\/span><\/div>    <a href=\"\/index.php?rest_route=%2Fwp%2Fv2%2Fpages%2F388&#038;add-to-cart=6779\" aria-describedby=\"woocommerce_loop_add_to_cart_link_describedby_6779\" data-quantity=\"1\" class=\"button wp-element-button product_type_simple add_to_cart_button ajax_add_to_cart\" data-product_id=\"6779\" data-product_sku=\"lord-voldemort\" aria-label=\"Ajouter au panier\u00a0: &ldquo;Lord Voldemort&rdquo;\" rel=\"nofollow\" data-success_message=\"\u00ab\u00a0Lord Voldemort\u00a0\u00bb a \u00e9t\u00e9 ajout\u00e9 \u00e0 votre panier\">Ajouter au panier<\/a>\t<span id=\"woocommerce_loop_add_to_cart_link_describedby_6779\" class=\"screen-reader-text\">\n\t\t\t<\/span>\n    \n<\/div>\n\n<\/li> <li class=\"product \">\n<div class=\"eael-product-wrap\" data-src=\"\" data-src-hover=\"\">\n    <img decoding=\"async\" width=\"300\" height=\"300\" src=\"https:\/\/otakustyle08.com\/wp-content\/uploads\/2024\/03\/432338944_934842977937089_1443434839342575088_n-300x300.webp\" class=\"attachment-woocommerce_thumbnail size-woocommerce_thumbnail wvs-archive-product-image\" alt=\"Albus Dumbledore\" loading=\"eager\" srcset=\"https:\/\/otakustyle08.com\/wp-content\/uploads\/2024\/03\/432338944_934842977937089_1443434839342575088_n-300x300.webp 300w, https:\/\/otakustyle08.com\/wp-content\/uploads\/2024\/03\/432338944_934842977937089_1443434839342575088_n-150x150.webp 150w, https:\/\/otakustyle08.com\/wp-content\/uploads\/2024\/03\/432338944_934842977937089_1443434839342575088_n-100x100.webp 100w, https:\/\/otakustyle08.com\/wp-content\/uploads\/2024\/03\/432338944_934842977937089_1443434839342575088_n-460x460.webp 460w\" sizes=\"(max-width: 300px) 100vw, 300px\" \/><div class=\"eael-product-title\">\n    <a href=\"https:\/\/otakustyle08.com\/?product=albus-dumbledore\" class=\"woocommerce-LoopProduct-link woocommerce-loop-product__link\"><h2 class=\"woocommerce-loop-product__title\">Albus Dumbledore<\/h2><\/a>\n    <\/div><div class=\"eael-star-rating star-rating\"><span style=\"width:0%\">Note <strong class=\"rating\">0<\/strong> sur 5<\/span><\/div>    <a href=\"\/index.php?rest_route=%2Fwp%2Fv2%2Fpages%2F388&#038;add-to-cart=4312\" aria-describedby=\"woocommerce_loop_add_to_cart_link_describedby_4312\" data-quantity=\"1\" class=\"button wp-element-button product_type_simple add_to_cart_button ajax_add_to_cart\" data-product_id=\"4312\" data-product_sku=\"albus-dumbledore\" aria-label=\"Ajouter au panier\u00a0: &ldquo;Albus Dumbledore&rdquo;\" rel=\"nofollow\" data-success_message=\"\u00ab\u00a0Albus Dumbledore\u00a0\u00bb a \u00e9t\u00e9 ajout\u00e9 \u00e0 votre panier\">Ajouter au panier<\/a>\t<span id=\"woocommerce_loop_add_to_cart_link_describedby_4312\" class=\"screen-reader-text\">\n\t\t\t<\/span>\n    \n<\/div>\n\n<\/li><\/ul>            <\/div>\n        <\/div>\n\n        <script type=\"text\/javascript\">\n            jQuery(document).ready(function($) {\n                var $scope = jQuery(\".elementor-element-62b4af0\");\n                var $products = $('.products', $scope);\n                var $layout_mode = $products.data('layout-mode');\n                \n                if ( $layout_mode === 'masonry' ) {\n                    \/\/ init isotope\n                    var $isotope_products = $products.isotope({\n                        itemSelector: \"li.product\",\n                        layoutMode: $layout_mode,\n                        percentPosition: true\n                    });\n\n                    $isotope_products.imagesLoaded().progress( function() {\n                        $isotope_products.isotope('layout');\n                    })\n                    \n                }\n            });\n        <\/script>\n        \t\t\t\t<\/div>\n\t\t\t\t<\/div>\n\t\t\t\t\t<\/div>\n\t\t\t\t<\/div>\n\t\t\t\t<\/div>\n\t\t","protected":false},"excerpt":{"rendered":"<p>Les derni\u00e8res cr\u00e9ations ! Explorez une galerie captivante de mod\u00e8les en impression 3D, con\u00e7us pour donner vie \u00e0 toutes les occasions, des festivit\u00e9s familiales aux \u00e9l\u00e9ments m\u00e9ditatifs et d\u00e9coratifs. Transformez vos id\u00e9es en objets tangibles et cr\u00e9ez des pi\u00e8ces uniques qui ajouteront une touche d&#8217;originalit\u00e9 \u00e0 votre quotidien ou \u00e0 vos cadeaux. Albus Dumbledore Note 0 sur 5 Ajouter au panier<\/p>\n","protected":false},"author":1,"featured_media":0,"parent":0,"menu_order":0,"comment_status":"closed","ping_status":"closed","template":"elementor_header_footer","meta":{"_EventAllDay":false,"_EventTimezone":"","_EventStartDate":"","_EventEndDate":"","_EventStartDateUTC":"","_EventEndDateUTC":"","_EventShowMap":false,"_EventShowMapLink":false,"_EventURL":"","_EventCost":"","_EventCostDescription":"","_EventCurrencySymbol":"","_EventCurrencyCode":"","_EventCurrencyPosition":"","_EventDateTimeSeparator":"","_EventTimeRangeSeparator":"","_EventOrganizerID":[],"_EventVenueID":[],"_OrganizerEmail":"","_OrganizerPhone":"","_OrganizerWebsite":"","_VenueAddress":"","_VenueCity":"","_VenueCountry":"","_VenueProvince":"","_VenueState":"","_VenueZip":"","_VenuePhone":"","_VenueURL":"","_VenueStateProvince":"","_VenueLat":"","_VenueLng":"","_VenueShowMap":false,"_VenueShowMapLink":false,"footnotes":""},"class_list":["post-388","page","type-page","status-publish","hentry"],"yoast_head":"<!-- This site is optimized with the Yoast SEO Premium plugin v22.2 (Yoast SEO v25.9) - https:\/\/yoast.com\/wordpress\/plugins\/seo\/ -->\n<title>Impression 3D - Otaku&#039;Style<\/title>\n<meta name=\"robots\" content=\"index, follow, max-snippet:-1, max-image-preview:large, max-video-preview:-1\" \/>\n<link rel=\"canonical\" href=\"https:\/\/otakustyle08.com\/?page_id=388\" \/>\n<meta property=\"og:locale\" content=\"fr_FR\" \/>\n<meta property=\"og:type\" content=\"article\" \/>\n<meta property=\"og:title\" content=\"Impression 3D\" \/>\n<meta property=\"og:description\" content=\"Les derni\u00e8res cr\u00e9ations ! Explorez une galerie captivante de mod\u00e8les en impression 3D, con\u00e7us pour donner vie \u00e0 toutes les occasions, des festivit\u00e9s familiales aux \u00e9l\u00e9ments m\u00e9ditatifs et d\u00e9coratifs. Transformez vos id\u00e9es en objets tangibles et cr\u00e9ez des pi\u00e8ces uniques qui ajouteront une touche d&#8217;originalit\u00e9 \u00e0 votre quotidien ou \u00e0 vos cadeaux. Albus Dumbledore Note 0 sur 5 Ajouter au panier\" \/>\n<meta property=\"og:url\" content=\"https:\/\/otakustyle08.com\/?page_id=388\" \/>\n<meta property=\"og:site_name\" content=\"Otaku&#039;Style\" \/>\n<meta property=\"article:modified_time\" content=\"2024-07-02T13:00:09+00:00\" \/>\n<meta property=\"og:image\" content=\"https:\/\/otakustyle08.com\/wp-content\/uploads\/2024\/03\/432338944_934842977937089_1443434839342575088_n-300x300.webp\" \/>\n<meta name=\"twitter:card\" content=\"summary_large_image\" \/>\n<meta name=\"twitter:label1\" content=\"Dur\u00e9e de lecture estim\u00e9e\" \/>\n\t<meta name=\"twitter:data1\" content=\"1 minute\" \/>\n<script type=\"application\/ld+json\" class=\"yoast-schema-graph\">{\"@context\":\"https:\/\/schema.org\",\"@graph\":[{\"@type\":\"WebPage\",\"@id\":\"https:\/\/otakustyle08.com\/?page_id=388\",\"url\":\"https:\/\/otakustyle08.com\/?page_id=388\",\"name\":\"Impression 3D - Otaku&#039;Style\",\"isPartOf\":{\"@id\":\"https:\/\/otakustyle08.com\/#website\"},\"primaryImageOfPage\":{\"@id\":\"https:\/\/otakustyle08.com\/?page_id=388#primaryimage\"},\"image\":{\"@id\":\"https:\/\/otakustyle08.com\/?page_id=388#primaryimage\"},\"thumbnailUrl\":\"https:\/\/otakustyle08.com\/wp-content\/uploads\/2024\/03\/432338944_934842977937089_1443434839342575088_n-300x300.webp\",\"datePublished\":\"2024-01-28T11:41:07+00:00\",\"dateModified\":\"2024-07-02T13:00:09+00:00\",\"breadcrumb\":{\"@id\":\"https:\/\/otakustyle08.com\/?page_id=388#breadcrumb\"},\"inLanguage\":\"fr-FR\",\"potentialAction\":[{\"@type\":\"ReadAction\",\"target\":[\"https:\/\/otakustyle08.com\/?page_id=388\"]}]},{\"@type\":\"ImageObject\",\"inLanguage\":\"fr-FR\",\"@id\":\"https:\/\/otakustyle08.com\/?page_id=388#primaryimage\",\"url\":\"https:\/\/otakustyle08.com\/wp-content\/uploads\/2024\/03\/432338944_934842977937089_1443434839342575088_n-300x300.webp\",\"contentUrl\":\"https:\/\/otakustyle08.com\/wp-content\/uploads\/2024\/03\/432338944_934842977937089_1443434839342575088_n-300x300.webp\"},{\"@type\":\"BreadcrumbList\",\"@id\":\"https:\/\/otakustyle08.com\/?page_id=388#breadcrumb\",\"itemListElement\":[{\"@type\":\"ListItem\",\"position\":1,\"name\":\"Accueil\",\"item\":\"https:\/\/otakustyle08.com\/\"},{\"@type\":\"ListItem\",\"position\":2,\"name\":\"Impression 3D\"}]},{\"@type\":\"WebSite\",\"@id\":\"https:\/\/otakustyle08.com\/#website\",\"url\":\"https:\/\/otakustyle08.com\/\",\"name\":\"Otaku&#039;Style\",\"description\":\"\",\"potentialAction\":[{\"@type\":\"SearchAction\",\"target\":{\"@type\":\"EntryPoint\",\"urlTemplate\":\"https:\/\/otakustyle08.com\/?s={search_term_string}\"},\"query-input\":{\"@type\":\"PropertyValueSpecification\",\"valueRequired\":true,\"valueName\":\"search_term_string\"}}],\"inLanguage\":\"fr-FR\"}]}<\/script>\n<!-- \/ Yoast SEO Premium plugin. -->","yoast_head_json":{"title":"Impression 3D - Otaku&#039;Style","robots":{"index":"index","follow":"follow","max-snippet":"max-snippet:-1","max-image-preview":"max-image-preview:large","max-video-preview":"max-video-preview:-1"},"canonical":"https:\/\/otakustyle08.com\/?page_id=388","og_locale":"fr_FR","og_type":"article","og_title":"Impression 3D","og_description":"Les derni\u00e8res cr\u00e9ations ! Explorez une galerie captivante de mod\u00e8les en impression 3D, con\u00e7us pour donner vie \u00e0 toutes les occasions, des festivit\u00e9s familiales aux \u00e9l\u00e9ments m\u00e9ditatifs et d\u00e9coratifs. Transformez vos id\u00e9es en objets tangibles et cr\u00e9ez des pi\u00e8ces uniques qui ajouteront une touche d&#8217;originalit\u00e9 \u00e0 votre quotidien ou \u00e0 vos cadeaux. Albus Dumbledore Note 0 sur 5 Ajouter au panier","og_url":"https:\/\/otakustyle08.com\/?page_id=388","og_site_name":"Otaku&#039;Style","article_modified_time":"2024-07-02T13:00:09+00:00","og_image":[{"url":"https:\/\/otakustyle08.com\/wp-content\/uploads\/2024\/03\/432338944_934842977937089_1443434839342575088_n-300x300.webp","type":"","width":"","height":""}],"twitter_card":"summary_large_image","twitter_misc":{"Dur\u00e9e de lecture estim\u00e9e":"1 minute"},"schema":{"@context":"https:\/\/schema.org","@graph":[{"@type":"WebPage","@id":"https:\/\/otakustyle08.com\/?page_id=388","url":"https:\/\/otakustyle08.com\/?page_id=388","name":"Impression 3D - Otaku&#039;Style","isPartOf":{"@id":"https:\/\/otakustyle08.com\/#website"},"primaryImageOfPage":{"@id":"https:\/\/otakustyle08.com\/?page_id=388#primaryimage"},"image":{"@id":"https:\/\/otakustyle08.com\/?page_id=388#primaryimage"},"thumbnailUrl":"https:\/\/otakustyle08.com\/wp-content\/uploads\/2024\/03\/432338944_934842977937089_1443434839342575088_n-300x300.webp","datePublished":"2024-01-28T11:41:07+00:00","dateModified":"2024-07-02T13:00:09+00:00","breadcrumb":{"@id":"https:\/\/otakustyle08.com\/?page_id=388#breadcrumb"},"inLanguage":"fr-FR","potentialAction":[{"@type":"ReadAction","target":["https:\/\/otakustyle08.com\/?page_id=388"]}]},{"@type":"ImageObject","inLanguage":"fr-FR","@id":"https:\/\/otakustyle08.com\/?page_id=388#primaryimage","url":"https:\/\/otakustyle08.com\/wp-content\/uploads\/2024\/03\/432338944_934842977937089_1443434839342575088_n-300x300.webp","contentUrl":"https:\/\/otakustyle08.com\/wp-content\/uploads\/2024\/03\/432338944_934842977937089_1443434839342575088_n-300x300.webp"},{"@type":"BreadcrumbList","@id":"https:\/\/otakustyle08.com\/?page_id=388#breadcrumb","itemListElement":[{"@type":"ListItem","position":1,"name":"Accueil","item":"https:\/\/otakustyle08.com\/"},{"@type":"ListItem","position":2,"name":"Impression 3D"}]},{"@type":"WebSite","@id":"https:\/\/otakustyle08.com\/#website","url":"https:\/\/otakustyle08.com\/","name":"Otaku&#039;Style","description":"","potentialAction":[{"@type":"SearchAction","target":{"@type":"EntryPoint","urlTemplate":"https:\/\/otakustyle08.com\/?s={search_term_string}"},"query-input":{"@type":"PropertyValueSpecification","valueRequired":true,"valueName":"search_term_string"}}],"inLanguage":"fr-FR"}]}},"_links":{"self":[{"href":"https:\/\/otakustyle08.com\/index.php?rest_route=\/wp\/v2\/pages\/388","targetHints":{"allow":["GET"]}}],"collection":[{"href":"https:\/\/otakustyle08.com\/index.php?rest_route=\/wp\/v2\/pages"}],"about":[{"href":"https:\/\/otakustyle08.com\/index.php?rest_route=\/wp\/v2\/types\/page"}],"author":[{"embeddable":true,"href":"https:\/\/otakustyle08.com\/index.php?rest_route=\/wp\/v2\/users\/1"}],"replies":[{"embeddable":true,"href":"https:\/\/otakustyle08.com\/index.php?rest_route=%2Fwp%2Fv2%2Fcomments&post=388"}],"version-history":[{"count":17,"href":"https:\/\/otakustyle08.com\/index.php?rest_route=\/wp\/v2\/pages\/388\/revisions"}],"predecessor-version":[{"id":5084,"href":"https:\/\/otakustyle08.com\/index.php?rest_route=\/wp\/v2\/pages\/388\/revisions\/5084"}],"wp:attachment":[{"href":"https:\/\/otakustyle08.com\/index.php?rest_route=%2Fwp%2Fv2%2Fmedia&parent=388"}],"curies":[{"name":"wp","href":"https:\/\/api.w.org\/{rel}","templated":true}]}}